x(c) = -8*c + c - c**3 - 2*c + 10 + 9*c**2. Give x(8).
2
Let x(b) = 0*b + 0 + b + 2*b**2 - 1 + 2. Determine x(-2).
7
Suppose 6 = b - 1. Let w(f) = 0*f - 3*f - b + 4*f. Calculate w(3).
-4
Let x be (-2)/((-6)/27) + -3. Let a be (-5 - -4) + x*1. Let w(t) = 2*t - 2. Let d(j) = 3*j - 2. Let l(s) = -3*d(s) + 4*w(s). What is l(a)?
-7
Let b = 8 - 6. Suppose 5*n - 2*l = 14, 3*l + 0 = b*n + 1. Suppose -n*z = -0*z. Let d(q) = -q + 7. Determine d(z).
7
Let g(q) be the second derivative of 0*q**2 + 0 - 6*q + 1/6*q**3. Calculate g(-1).
-1
Let b(l) = -6 - 4*l + 0 + 9. Suppose 5*k - 14 = -4. Calculate b(k).
-5
Let b(w) = w**3 + 3*w**2 - w - 8. Let m(n) = n**2 - 1. Let i(c) = -b(c) + 6*m(c). Determine i(3).
5
Let y(i) = -2 - 4*i + 1 + 2*i + 590*i**2 + i**3 - 591*i**2. Determine y(-2).
-9
Let w(o) = -2*o. Suppose l = 4*l - 48. Suppose 4*z + 0*z - l = 0. Suppose -5*u + 5 = 3*k - 11, 3*u + z = 5*k. Calculate w(u).
-4
Suppose z - 3*z = 3*l + 7, 3*z = -4*l - 10. Let n(i) = 10*i**3 + 1. Calculate n(l).
-9
Suppose -3*i + 86 = 2*i - n, -4*n - 21 = -i. Let w(d) = i - d**2 - 11 - 7*d + 2*d**2. Calculate w(5).
-4
Suppose 3*j + 1 = -y, j - y = -2*y - 1. Suppose j = -4*g + 8 + 4. Let i(n) = n**3 - 5*n**2 + 2*n + 4. Give i(g).
-8
Let d(n) = -7*n**2 + 11*n + 9. Let s(c) = -3*c**2 + 5*c + 4. Let o(b) = -4*d(b) + 9*s(b). Determine o(0).
0
Let w(h) = -h - 6. Suppose 5*i + 26 = 2*i + z, 4*z + 46 = -3*i. Let y be w(i). Let l(g) = -g**2 + 2*g + 5. Give l(y).
-3
Let r be 20/(-30) - 16/(-6). Let x(o) = -1 + o - r*o + 2*o - 5. Give x(6).
0
Let k(i) be the first derivative of -i**3/3 + 5*i**2/2 - 5*i + 9. Calculate k(5).
-5
Let l(c) be the third derivative of -c**6/120 + c**5/12 - 5*c**4/24 + 16*c**2. What is l(4)?
-4
Let r = -16 + 12. Let j(v) = 4*v + 6. Calculate j(r).
-10
Let s(d) = -d**2 + d + 2. Let b be s(0). Let w be b/(-5) + 16/(-10). Let x be (-1)/(w + 3/2). Let a(h) = -h - 1. Calculate a(x).
-3
Let a(i) = i**3 + i**2 - 5. Let t be a(0). Let j = 8 + t. Suppose 0 = -p + j*p - 2. Let v(h) = 4*h**3 + h**2 + h - 1. Determine v(p).
5
Let a be -4 - (4 + -3)*2. Let l(o) = 2*o + 1 - 9 - 3*o. Determine l(a).
-2
Let h(i) = -i**3 - 6*i**2 - i - 3. Let y be h(-6). Let w(a) = 3 + a**y - 7*a**2 - a + 3*a**2 + 0*a**2 - a**2. Give w(5).
-2
Let s(t) = -t**3 + 5*t**2 - 3*t - 4. Let w be s(3). Let c(z) = -2*z + 4. Calculate c(w).
-6
Let y(g) = -8 + 11 - 20*g**2 + g + 19*g**2. Determine y(-4).
-17
Let z(y) = 4*y**3 + 10*y**2 - 17*y + 5. Let v(i) = -9*i**3 - 19*i**2 + 35*i - 9. Let w(j) = -3*v(j) - 7*z(j). Determine w(-14).
-8
Let h(z) = 429*z + 0 - 6 - 213*z - 215*z. Give h(10).
4
Let d(x) = -2*x. Suppose -4*q + g = -28, 0 = 2*q + q - g - 22. Let o(a) = 3*a - q*a - 2 - 1 - a**2. Let k be o(-2). Give d(k).
2
Let w(d) be the second derivative of d**3/3 + 11*d**2/2 + 18*d. Determine w(-9).
-7
Let o(y) = -y**2 + y. Let j(l) = 8*l**3 - 5*l**2 + 7*l + 1. Let r(k) = j(k) - 6*o(k). Suppose -18 = -2*m - 4*u, 0*u - 3*u = -15. What is r(m)?
-7
Let g(b) = -4*b - 1. Let x be g(2). Let r be (-1)/((-3)/x) - -1. Let l(t) = -2*t. What is l(r)?
4
Let b(w) = w. Let j(k) = 2*k**2 + 6*k + 4. Let c(v) = 5*v**2 + 13*v + 8. Let m(n) = -3*c(n) + 7*j(n). Let r be m(5). Determine b(r).
-6
Let j(q) = 7*q**2 + q. Let l = -7 - -10. Suppose l*k - 5 = 8*k. Give j(k).
6
Let w be 8/6*3*1. Let n(s) = 4*s**2 - 2. Let t(k) = -k**2 - k - 1. Let v(l) = -n(l) - 3*t(l). Let m be v(w). Let g(r) = 5*r**2 - 2*r + 1. Calculate g(m).
4
Let v(z) = -4*z + 1. Let b be 1*3/6*2. Give v(b).
-3
Let j(t) = 6 + 0*t + t + 0. Let i be j(-4). Let w(m) = m**3 + 3*m**2 + 6*m + 6. Let g(n) = -n**2 - n - 1. Let d(r) = 5*g(r) + w(r). Calculate d(i).
3
Let r(j) = 5*j**3 + 11*j**2 + 2*j - 5. Let n(u) = -u**3 - u**2. Let a(m) = -6*n(m) - r(m). Let d(o) = 4*o**2 - o. Suppose 2*c + 4 = 2. Let q be d(c). Give a(q).
-5
Let y(r) = -r**2 - r + 4. Let f = 71 + -71. Give y(f).
4
Let o(h) = -h - 4. Let w(m) = 0 + 3 - 2. Let k(b) = -o(b) + w(b). Suppose -y + 5 - 10 = 0. Give k(y).
0
Suppose 4*j = y + 5 - 11, -10 = 5*y. Let r(b) be the first derivative of -4*b**2 - 3*b - 7. Calculate r(j).
13
Let u(j) be the first derivative of -j**3/3 + 3*j**2/2 + 4*j + 14. What is u(-3)?
-14
Let w(u) = u. Let v(y) = 3*y. Let m(o) = -2*v(o) + 7*w(o). Let q(i) = -5*i - 1. Let t(g) = -4*m(g) - q(g). Let p(k) = -4*k + 3. Let a be p(2). What is t(a)?
-4
Let i(z) be the second derivative of -z**4/12 - 4*z**2 - 3*z. Let n(g) = g**2 - 5*g. Let b be n(5). Calculate i(b).
-8
Let y(d) = 10*d**2 - 6*d**3 + d**3 + d - 12*d**2 + d - 1. Suppose -19 = h + 4*t, 2*t + 2*t = 3*h - 23. Give y(h).
-6
Suppose -b + 4*b = 0. Suppose 0 + 4 = 2*c. Let s(m) = -m - c*m**2 + 3 + 0*m - m**3 + 3*m**2. Calculate s(b).
3
Let q(w) = -w**3 - 7*w**2 - 5*w. Suppose -4*t = 5*k - 8, 2*t - 3 = 3*t. Suppose -7*n + 2*n = x + 26, k*x = 3*n - 12. Calculate q(x).
-6
Let c(a) = -7*a + a + 6 + 4*a**2 - a**3 + 11*a. Let s be c(5). Let o(l) = -4*l + 2*l + 3*l. Calculate o(s).
6
Let i(w) = w**3 + w**2 + w + 9. Let f be i(0). Suppose f*q - 4*q = 10. Let u(k) = -k**3 + 2*k**2 + 3*k - 1. Determine u(q).
5
Let w(f) = 5*f - f**2 - 1 - 5 - 13*f + 0. Let t = -8 + 12. Let n(v) = -v - 1. Let y be n(t). Calculate w(y).
9
Let w be (-3)/(30/4) - 520/325. Let t(k) be the third derivative of -k**6/120 - k**5/30 - k**4/24 - k**3/6 - k**2. Determine t(w).
1
Let b(c) be the first derivative of -c**4/4 - 7*c**3/3 + 7*c**2/2 - 6*c + 4. Give b(-8).
2
Suppose 13*v - 18*v - m = -25, -m = 0. Let y(r) = 1 + 3 + r - 1. Determine y(v).
8
Let a be (56/24)/(2/6). Suppose -a*b + 4*b = 6. Let x(l) = 6*l**2 + 6*l - 6. Let c(y) = -5*y**2 - 5*y + 5. Let s(d) = 5*c(d) + 4*x(d). Give s(b).
-1
Let s be 4/12 - (-4)/(-3). Let b = 0 + 2. Let i(p) = -p**b + 8*p**3 + 2*p + 1 + 0*p + 3*p**2. What is i(s)?
-7
Let b be (13/(-3) - -4)*-9. Let y(t) = t**3 - 3*t**2 + 2*t + 1. Give y(b).
7
Let n(x) = -2*x**3 + 3 - 5*x**3 - 2. Suppose 2*y = -0*y + 4. Suppose -a + 10 = a + 4*c, -y*a = -4*c + 6. Calculate n(a).
-6
Let x(u) = -u**3 - u**2 - u + 1. Let b(g) = -3*g**3 - 5*g**2 - 2*g + 3. Let y(k) = -b(k) + 2*x(k). Calculate y(-3).
-1
Suppose 1 = 3*a - 2*a. Suppose 3*m + a - 7 = 0. Let b(n) = -3*n - 1. Give b(m).
-7
Suppose 0 - 4 = -2*d. Let l(z) = z - z + z - d*z. What is l(-5)?
5
Let l(n) be the third derivative of 0 + 0*n**5 + 0*n**4 + 5/6*n**3 + 1/120*n**6 + 0*n - 5*n**2. Suppose -5*m + 2*p + 4 = 0, 2*m - p = -3*m + 2. Determine l(m).
5
Let k be 129/(-15) - (-6)/10. Let b(i) = -i - 15. Determine b(k).
-7
Let v(n) = -36*n**2 + 1 - 35*n**2 + 72*n**2. Calculate v(-2).
5
Let w(r) be the first derivative of r**4/4 + r**3 - 3*r**2/2 + 11. Give w(-4).
-4
Let j(a) = -3*a + 9*a - 5*a + 8. What is j(-6)?
2
Let d(x) = -x + 5. Let v = -25 + 30. Give d(v).
0
Let l be 3/4 - 13/(-4). Let c(i) = i**3 - 5*i**2 + 6*i - 6. Give c(l).
2
Let c be 1*(-2)/2*0/1. Let p(x) be the second derivative of -3*x - 1/12*x**4 + x**3 - 1/2*x**2 + c. Calculate p(5).
4
Let q(h) = -h**2 - 1. Let v(f) = -5*f**2 + 5*f - 15. Let a(j) = -6*q(j) + v(j). What is a(-7)?
5
Suppose -5*d - 3 = 4*s + 3, 0 = 3*d - 4*s - 22. Let b(i) = -2*i**2 + 2*i - 3. Give b(d).
-7
Suppose 0 = -3*i + 10 - 4. Suppose -8 = -i*h + 2. Let t(j) = -j**3 + 6*j**2 - 5*j. Give t(h).
0
Let p(r) = r**3 - 5*r**2 + 6*r - 4. Let g(w) = w**2 + w + 1. Let c be g(-3). Suppose -2*t + 24 = 2. Let v = t - c. Calculate p(v).
4
Let w(t) = t**3 - 6*t**2 + 5*t - 4. Let u(l) = 2*l**3 - 13*l**2 + 10*l - 8. Let m(o) = -2*u(o) + 5*w(o). Let y = -3 - -6. What is m(y)?
2
Let a(r) = r - 1 + 0 - 1 - r**2 - 6*r. Determine a(-6).
-8
Let l(p) = 3 + 0*p + 14 - 2*p - 3. Let v be l(7). Let c(a) = -a + 5. Determine c(v).
5
Suppose -37 = -j - 38. Let w(h) = -13*h**2 + h + 1. Give w(j).
-13
Let b(h) = h + 4. Suppose 12 = m + 2. Let c be m/3 + 2/3. Suppose 3 = -5*q + c*q. Give b(q).
1
Let j = -20 - -29. Suppose 0 = -3*w + 3 - j. Let a(v) = 3*v**3 - 2*v**2 + 7*v. Let s(b) = b**3 - b**2 + 3*b. Let c(r) = 2*a(r) - 5*s(r). What is c(w)?
-2
Let b(z) be the second derivative of -1/6*z**3 + 0*z**5 - 1/2*z**2 - 3*z + 1/12*z**4 - 1/60*z**6 + 0. Let u(f) be the first derivative of b(f). Give u(1).
-1
Let m(v) = -v**3 - v**2 + 17 - 16 + 3*v**3 - 5*v + 22*v**2. Let k(h) = h**3 + 11*h**2 - 3*h + 1. Let a(s) = -11*k(s) + 6*m(s). Give a(-4).
-1
Suppose 4*j - 16 = -2*b, 0*b = -5*j - 2*b + 18. Suppose